{"id":270,"date":"2021-08-26T14:54:11","date_gmt":"2021-08-26T14:54:11","guid":{"rendered":"http:\/\/dummy.xtemos.com\/woodmart2\/elementor\/?post_type=product&#038;p=270"},"modified":"2023-08-15T17:18:18","modified_gmt":"2023-08-15T17:18:18","slug":"te-de-arandano","status":"publish","type":"product","link":"https:\/\/store4.prototipo.digital\/index.php\/producto\/te-de-arandano\/","title":{"rendered":"T\u00e9 de Arandano"},"content":{"rendered":"\t\t<div data-elementor-type=\"wp-post\" data-elementor-id=\"270\" class=\"elementor elementor-270\" data-elementor-post-type=\"product\">\n\t\t\t\t\t\t\t\t\t<section class=\"wd-negative-gap elementor-section elementor-top-section elementor-element elementor-element-79752fbe wd-section-stretch elementor-section-content-top elementor-section-boxed elementor-section-height-default elementor-section-height-default\" data-id=\"79752fbe\" data-element_type=\"section\" data-settings=\"{&quot;background_background&quot;:&quot;classic&quot;}\">\n\t\t\t\t\t\t<div class=\"elementor-container elementor-column-gap-extended\">\n\t\t\t\t\t<div class=\"elementor-column elementor-col-100 elementor-top-column elementor-element elementor-element-2af8c87b\" data-id=\"2af8c87b\" data-element_type=\"column\">\n\t\t\t<div class=\"elementor-widget-wrap elementor-element-populated\">\n\t\t\t\t\t\t\t\t<div class=\"elementor-element elementor-element-34e43d1 elementor-widget elementor-widget-wd_text_block\" data-id=\"34e43d1\" data-element_type=\"widget\" data-widget_type=\"wd_text_block.default\">\n\t\t\t\t<div class=\"elementor-widget-container\">\n\t\t\t\t\t<div class=\"wd-text-block reset-last-child text-left\">\n\t\t\t\n\t\t\t<p>El t\u00e9 de ar\u00e1ndano es una deliciosa infusi\u00f3n que combina las hojas de t\u00e9 (generalmente t\u00e9 negro, t\u00e9 verde o t\u00e9 blanco) con ar\u00e1ndanos secos, ar\u00e1ndanos frescos o esencias de ar\u00e1ndanos. Esta combinaci\u00f3n crea una bebida con un sabor afrutado y dulce, junto con las propiedades beneficiosas del t\u00e9 y los ar\u00e1ndanos.<\/p><p>Caracter\u00edsticas del t\u00e9 de ar\u00e1ndano:<\/p><p><strong>Sabor:<\/strong> El t\u00e9 de ar\u00e1ndano tiene un sabor distintivo a ar\u00e1ndanos, que es dulce y afrutado. El sabor puede variar seg\u00fan la cantidad de ar\u00e1ndanos utilizados y la base del t\u00e9 (negro, verde o blanco).<\/p><p><strong>Beneficios para la salud:<\/strong> El t\u00e9 de ar\u00e1ndano puede proporcionar beneficios para la salud debido a las propiedades antioxidantes de los ar\u00e1ndanos. Los antioxidantes ayudan a proteger las c\u00e9lulas del cuerpo del da\u00f1o causado por los radicales libres. Adem\u00e1s, el t\u00e9 en s\u00ed tambi\u00e9n contiene antioxidantes que pueden tener efectos positivos para la salud.<\/p><p><strong>Propiedades antiinflamatorias:<\/strong> Los ar\u00e1ndanos se han asociado con propiedades antiinflamatorias que pueden ser beneficiosas para la salud del coraz\u00f3n y reducir el riesgo de enfermedades cr\u00f3nicas.<\/p><p><strong>Antocianinas:<\/strong> Los ar\u00e1ndanos son ricos en antocianinas, que son pigmentos vegetales que les dan su color caracter\u00edstico. Estas antocianinas tambi\u00e9n pueden tener efectos positivos para la salud y se han relacionado con la mejora de la funci\u00f3n cerebral y la salud ocular.<\/p><p><strong>Sin cafe\u00edna:<\/strong> A menos que se mezcle con t\u00e9 negro o verde, el t\u00e9 de ar\u00e1ndano es naturalmente libre de cafe\u00edna, lo que lo convierte en una opci\u00f3n sin cafe\u00edna para aquellos que desean evitarla.<\/p>\n\t\t\t\t\t<\/div>\n\t\t\t\t<\/div>\n\t\t\t\t<\/div>\n\t\t\t\t\t<\/div>\n\t\t<\/div>\n\t\t\t\t\t\t\t<\/div>\n\t\t<\/section>\n\t\t\t\t\t\t\t<\/div>\n\t\t","protected":false},"excerpt":{"rendered":"<p>Un t\u00e9 frutal y antioxidante, nuestro t\u00e9 de ar\u00e1ndano te ofrece la dulzura y frescura de los ar\u00e1ndanos silvestres. Una opci\u00f3n deliciosa para disfrutar caliente o fr\u00edo.<\/p>\n","protected":false},"featured_media":5146,"template":"","meta":[],"product_cat":[53],"product_tag":[],"class_list":["post-270","product","type-product","status-publish","has-post-thumbnail","hentry","product_cat-te"],"_links":{"self":[{"href":"https:\/\/store4.prototipo.digital\/index.php\/wp-json\/wp\/v2\/product\/270","targetHints":{"allow":["GET"]}}],"collection":[{"href":"https:\/\/store4.prototipo.digital\/index.php\/wp-json\/wp\/v2\/product"}],"about":[{"href":"https:\/\/store4.prototipo.digital\/index.php\/wp-json\/wp\/v2\/types\/product"}],"version-history":[{"count":12,"href":"https:\/\/store4.prototipo.digital\/index.php\/wp-json\/wp\/v2\/product\/270\/revisions"}],"predecessor-version":[{"id":16130,"href":"https:\/\/store4.prototipo.digital\/index.php\/wp-json\/wp\/v2\/product\/270\/revisions\/16130"}],"wp:featuredmedia":[{"embeddable":true,"href":"https:\/\/store4.prototipo.digital\/index.php\/wp-json\/wp\/v2\/media\/5146"}],"wp:attachment":[{"href":"https:\/\/store4.prototipo.digital\/index.php\/wp-json\/wp\/v2\/media?parent=270"}],"wp:term":[{"taxonomy":"product_cat","embeddable":true,"href":"https:\/\/store4.prototipo.digital\/index.php\/wp-json\/wp\/v2\/product_cat?post=270"},{"taxonomy":"product_tag","embeddable":true,"href":"https:\/\/store4.prototipo.digital\/index.php\/wp-json\/wp\/v2\/product_tag?post=270"}],"curies":[{"name":"wp","href":"https:\/\/api.w.org\/{rel}","templated":true}]}}